13?
-281c
Convert -254 (base 11) to base 14.
-177
Convert -10000001011 (base 2) to base 8.
-2013
What is d97 (base 16) in base 2?
110110010111
-10103301 (base 4) to base 10
-17649
What is 2016 (base 13) in base 15?
1493
92 (base 15) to base 9
162
Convert -39 (base 15) to base 5.
-204
5564 (base 8) to base 7
11356
Convert 16d (base 14) to base 12.
205
13160 (base 7) to base 14
13d7
Convert -460 (base 8) to base 4.
-10300
What is 1bd (base 14) in base 9?
443
What is 201200022 (base 3) in base 11?
a861
-1022 (base 6) to base 12
-172
3a8a (base 11) to base 10
5301
1041 (base 7) to base 11
309
Convert -650 (base 7) to base 13.
-1c4
Convert 11101010 (base 2) to base 14.
12a
What is 7179 (base 10) in base 8?
16013
What is -1001101001111 (base 2) in base 15?
-16e8
-6a8 (base 12) to base 13
-5b4
32053 (base 6) to base 9
5866
What is 5109 (base 10) in base 14?
1c0d
What is 1288 (base 12) in base 2?
100001001000
Convert 15007 (base 12) to base 11.
20092
What is -21302 (base 6) in base 14?
-10c6
-5b98 (base 12) to base 2
-10100001100100
-3b0 (base 12) to base 6
-2340
What is 100010101 (base 2) in base 4?
10111
Convert 30031232 (base 4) to base 14.
14338
1b50 (base 16) to base 7
26246
What is 375 (base 9) in base 14?
183
-504 (base 8) to base 10
-324
Convert -174 (base 13) to base 4.
-10020
Convert -70e (base 15) to base 10.
-1589
Convert 141022 (base 5) to base 13.
2813
-2101 (base 5) to base 8
-424
1222201220 (base 3) to base 6
501210
-342 (base 7) to base 13
-108
Convert aa39 (base 16) to base 14.
11c49
Convert 142d (base 14) to base 4.
313301
1322 (base 5) to base 7
422
Convert 4180 (base 9) to base 6.
22113
-13b2 (base 12) to base 8
-4366
What is -101321 (base 4) in base 3?
-1120102
What is 426 (base 11) in base 2?
1000000000
Convert -124050 (base 9) to base 16.
-1257c
751 (base 14) to base 15
663
What is 20e5 (base 16) in base 10?
8421
Convert 14a (base 15) to base 9.
357
Convert -13285 (base 11) to base 15.
-5949
Convert -687 (base 10) to base 3.
-221110
Convert -20311 (base 4) to base 14.
-2c5
What is 119a (base 16) in base 3?
20011220
What is 103344 (base 6) in base 8?
20560
Convert 3064 (base 9) to base 14.
b65
Convert 17a (base 16) to base 4.
11322
-339 (base 14) to base 9
-780
What is 412 (base 13) in base 4?
22303
Convert -3b3 (base 15) to base 2.
-1101001011
What is -182 (base 15) in base 9?
-425
Convert 1290 (base 11) to base 15.
767
Convert -1596 (base 10) to base 9.
-2163
What is -22211202 (base 3) in base 7?
-24536
Convert 125ca (base 13) to base 2.
1000010010101110
What is -300051 (base 6) in base 3?
-1012001011
What is -11001101011 (base 2) in base 13?
-995
What is -335 (base 12) in base 14?
-25b
Convert -10366 (base 7) to base 14.
-d36
Convert -2403 (base 5) to base 7.
-1013
Convert d9c (base 16) to base 11.
2688
101001001 (base 3) to base 8
16226
-101120 (base 4) to base 14
-596
Convert 1660a (base 13) to base 7.
235454
What is -14ca (base 15) in base 12?
-2701
14751 (base 9) to base 5
310330
-21ca (base 13) to base 3
-20111011
1403 (base 15) to base 8
10266
Convert 38735 (base 10) to base 13.
14828
Convert 137 (base 8) to base 16.
5f
Convert -20c (base 13) to base 4.
-11132
What is -100111111110 (base 2) in base 8?
-4776
What is -143372 (base 8) in base 15?
-1015d
Convert -22401 (base 9) to base 7.
-61312
1110303 (base 4) to base 12
3183
-787 (base 16) to base 12
-1147
-db (base 15) to base 14
-10a
What is bc1 (base 16) in base 10?
3009
What is -1576 (base 9) in base 4?
-102303
3302 (base 6) to base 9
1032
Convert -2210432 (base 5) to base 13.
-14539
221041 (base 5) to base 8
16736
-1284 (base 9) to base 14
-4d1
Convert 821 (base 11) to base 15.
461
Convert 3261 (base 7) to base 9.
1540
-20bc9 (base 13) to base 5
-3343041
What is -7718 (base 10) in base 9?
-11525
What is 229 (base 13) in base 3?
111211
-101 (base 14) to base 3
-21022
What is 980 (base 15) in base 10?
2145
4020 (base 12) to base 9
10456
What is -453 (base 9) in base 13?
-228
What is -32231 (base 4) in base 3?
-1021212
What is 4433 (base 7) in base 10?
1592
Convert c2 (base 14) to base 15.
b5
13212023 (base 4) to base 8
74613
What is -538 (base 9) in base 6?
-2012
Convert 92 (base 15) to base 11.
115
Convert -433 (base 6) to base 15.
-b0
Convert -40305 (base 6) to base 7.
-21305
What is -2a276 (base 11) in base 12?
-20a05
20504 (base 6) to base 8
5330
What is 6510 (base 7) in base 6?
14410
-2178 (base 11) to base 15
-cb3
What is 22414 (base 9) in base 14?
5617
What is -211 (base 9) in base 5?
-1142
7e58 (base 15) to base 9
40752
-10978 (base 12) to base 8
-53154
What is 521 (base 8) in base 14?
1a1
Convert 2043 (base 6) to base 7.
1224
What is -5504 (base 8) in base 16?
-b44
Convert -1121313 (base 4) to base 2.
-1011001110111
What is 22317 (base 10) in base 14?
81c1
-15101 (base 8) to base 15
-1ed1
What is 302220 (base 4) in base 11?
2486
Convert -897 (base 10) to base 16.
-381
-1ec (base 16) to base 7
-1302
23645 (base 7) to base 4
1200032
What is -1 (base 10) in base 5?
-1
What is -71 (base 14) in base 10?
-99
-1612 (base 12) to base 8
-5056
99 (base 12) to base 13
90
Convert -165 (base 11) to base 7.
-363
6618 (base 10) to base 13
3021
-1cc (base 14) to base 16
-178
What is -101000110 (base 2) in base 12?
-232
What is 75 (base 15) in base 10?
110
23250 (base 7) to base 14
2260
What is -123030 (base 5) in base 4?
-1022131
Convert 5da (base 15) to base 14.
6b0
-11010011010001 (base 2) to base 13
-6201
What is 253 (base 7) in base 14?
9a
-2211 (base 8) to base 4
-102021
-201 (base 16) to base 4
-20001
-db (base 14) to base 9
-234
Convert -14c31 (base 15) to base 3.
-10101201201
Convert -1214 (base 12) to base 14.
-a52
What is 1000000 (base 2) in base 8?
100
What is -1657 (base 12) in base 14?
-d7d
-1b0 (base 14) to base 9
-428
What is -2110020 (base 3) in base 7?
-5133
Convert 400 (base 12) to base 6.
2400
-30751 (base 8) to base 7
-52152
Convert -33213 (base 7) to base 5.
-231330
What is 234313 (base 5) in base 12?
5058
What is 4308 (base 14) in base 3?
120212121
What is 1111012111 (base 3) in base 10?
29308
What is -498 (base 10) in base 11?
-413
What is 27426 (base 9) in base 4?
10202031
Convert 2022021 (base 3) to base 15.
771
4311 (base 8) to base 14
b69
Convert -122133 (base 4) to base 10.
-1695
Convert -33762 (base 10) to base 6.
-420150
What is -1370 (base 10) in base 6?
-10202
1396 (base 14) to base 4
312020
-12092 (base 10) to base 14
-459a
-1023 (base 7) to base 10
-360
What is -110011001100101 (base 2) in base 6?
-321205
What is 10382 (base 10) in base 7?
42161
What is 782 (base 14) in base 7?
4222
-2202 (base 7) to base 12
-556
Convert -12130 (base 4) to base 12.
-2a4
Convert 10001111000011 (base 2) to base 5.
243110
1410 (base 8) to base 13
479
-212002 (base 4) to base 3
-10100011
Convert -773 (base 8) to base 6.
-2203
What is 114 (base 16) in base 5?
2101
Convert -ae6 (base 15) to base 12.
-1516
202015 (base 6) to base 9
23842
What is -1753 (base 12) in base 5?
-42144
Convert 11000000010010 (base 2) to base 11.
9278
7d8 (base 14) to base 5
22222
-2b0 (base 12) to base 5
-3140
-541 (base 8) to base 11
-2a1
Convert -6177 (base 9) to base 6.
-32541
Convert 50 (base 7) to base 11.
32
ce (base 15) to base 8
302
11230 (base 4) to base 13
220
66612 (base 8) to base 9
42417
What is -40652 (base 7) in base 2?
-10011011001111
What is -6858 (base 16) in base 8?
-64130
What is 1111001010 (base 2) in base 11?
802
Convert 1021202211 (base 3) to base 10.
25348
What is 27a9 (base 11) in base 9?
4871
-10101000 (base 2) to base 3
-20020
Convert 200003 (base 4) to base 8.
4003
Convert 17511 (base 8) to base 13.
3851
Convert 12177 (base 13) to base 4.
20013012
228 (base 15) to base 4
13220
20444 (base 5) to base 7
4002
What is -3403 (base 5) in base 10?
-478
What is 200221 (base 3) in base 8?
777
-3533 (base 6) to base 10
-849
What is 44123 (base 6) in base 13?
2a12
Convert 1a6 (base 13) to base 5.
2210
What is 3344111 (base 5) in base 4?
32132101
3471a (base 12) to base 6
1300434
What is 10023 (base 5) in base 6?
2542
85b9 (base 14) to base 16
5a37
Convert -652 (base 10) to base 16.
-28c
Convert 27a (base 12) to base 9.
464
Convert -2c4 (base 13) to base 8.
-762
Convert -10013110 (base 4) to base 15.
-4ed7
What is 112112 (base 3) in base 5?
3032
1022012 (base 3) to ba